 - 3*u - r = -49. Suppose i - u = -c*i. List the prime factors of i.
2, 5
Suppose 5*z + 0 = -x - 12, 3*x = -4*z - 3. Suppose 0 = -x*a + 7*a - 136. Suppose 0 = k - 5*i + 11, -3*k + 4*i = -5*k + a. List the prime factors of k.
3
Suppose -2*i = 3*t - 10, -t - 2*i + 10 = -2*t. Let v = 4 - t. Suppose -v*g - 3 = 5*a, 2*g = -g - 5*a - 6. What are the prime factors of g?
3
Suppose 0 = 2*r - 41 - 3. What are the prime factors of r?
2, 11
Let s = 27 - 9. Let h = -36 - -26. Let l = s + h. List the prime factors of l.
2
Let i be (-8 - -4)*(-18)/8. Let g(b) = -2*b + 2. Let z be g(-2). Let f = i - z. What are the prime factors of f?
3
List the prime factors of (-3)/(3 + -4) + 36.
3, 13
Suppose -5*j + 1886 - 511 = 5*z, 0 = 5*z + 3*j - 1375. List the prime factors of z.
5, 11
Let d = 1267 + -889. What are the prime factors of d?
2, 3, 7
Suppose -2*k - 3*k = -65. What are the prime factors of k?
13
Let u be 10/(-55) - 2/(-11). Suppose -4*g + g = -6. Suppose -5*w + 98 = 2*j, -g = 2*j - u. List the prime factors of w.
2, 5
Suppose -7*j - 570 = -10*j. List the prime factors of j.
2, 5, 19
Suppose 375 = 2*t + 3*t. List the prime factors of t.
3, 5
Let b be (-3)/5 - (-88)/(-20). Let r be (b/(-2))/((-1)/(-2)). Suppose 0 = 5*y + r*j - 50, j = -y - y + 22. What are the prime factors of y?
2, 3
Let z(u) = 14*u. Let w be z(3). Suppose 5*a - 177 = -w. What are the prime factors of a?
3
Suppose 0 = -4*s - 274 + 78. Let w = -22 - s. List the prime factors of 6/w - 140/(-18).
2
Let l(h) = h**2 - 3*h - 7. Let d be (-20)/15 + (-2)/(-6). Let g be 10/4*(1 - d). List the prime factors of l(g).
3
Let k be (-13)/5 + (-6)/15. List the prime factors of 5 + (k/3 - -3).
7
Let k be 6/3 - 11/1. Let x = k + 15. List the prime factors of x.
2, 3
Let a = -95 - -173. What are the prime factors of a?
2, 3, 13
Suppose -2*y = -u + 98, y + 2*u = u - 52. Let n be 468/(-81) - 4/18. What are the prime factors of 6/(-18) + y/n?
2
Let k be (-4)/6 + 2/3. Suppose -2*h + 4 = -k*h. What are the prime factors of -1*h/((-4)/26)?
13
Let r = -13 + 31. Let l = -8 + 34. Let m = l - r. What are the prime factors of m?
2
Let n = 0 + 0. Suppose n = -2*z - 2*z + 32. List the prime factors of z.
2
Let g = 2 + -3. Let m = 2 - g. Suppose -w + m = -3*v + 1, -9 = -2*w + v. What are the prime factors of w?
5
Suppose 2*a - 5*a = -4*f - 32, 0 = -4*f - 20. Let i = a + 5. What are the prime factors of i?
3
Let y(b) = b**3 - 5*b**2 - 5*b. Let f be y(6). Suppose -4*u = -2*h + f, -2 - 1 = -3*h. What are the prime factors of 9 - (0 - (u - -2))?
2, 5
Let l = 54 - 16. What are the prime factors of l?
2, 19
Let x be ((-2)/3)/((-1)/21). Let o = x + -7. What are the prime factors of o?
7
Suppose 3*s + 4*l - 90 = -0*s, -2*s + 65 = l. What are the prime factors of s?
2, 17
Let d(t) = -t**2 + 11*t - 4. What are the prime factors of d(8)?
2, 5
Let k = -407 + 763. What are the prime factors of k?
2, 89
Let a(h) be the third derivative of 5*h**4/24 - 5*h**3/6 + h**2. Let s be a(6). Suppose s = i + 4*i. List the prime factors of i.
5
What are the prime factors of (-1)/((-3)/12) - -12?
2
Let p = 3 - 0. Suppose -4*x + 44 = p*z, z = 2 - 6. Suppose 0 = -3*u + 4*k + 7, -x = -2*u - 3*k + 19. List the prime factors of u.
3
Let z be (-14)/(-6) - 14/(-21). Suppose -z*b = -12 - 3. What are the prime factors of b?
5
Let q = -112 + 214. What are the prime factors of q?
2, 3, 17
Let m = -2 - -1. Let t be (-2)/(m/(-2)*-1). Suppose 6*l - 32 = 2*l + t*c, 2*l + 4 = -2*c. What are the prime factors of l?
3
Let c = 12 - 8. Suppose 3*s + 1 = c*g - 11, -10 = -5*g + 5*s. List the prime factors of g.
2, 3
Let x be (-12)/(-15)*(-15)/(-6). Suppose 5*c + 2*z - 100 = 0, x*c + 2*z + 60 = 5*c. What are the prime factors of c?
2, 5
Let q(r) = r**2 + 1. Let s(d) = 3*d**2 - 10*d + 14. Let w(o) = 2*q(o) - s(o). Let p(c) = c**2 + 4*c - 4. Let f be p(-6). What are the prime factors of w(f)?
2
Let m be 0 + -3*2/2. Let u be 5/((-15)/(-2))*m. Let t = 14 + u. List the prime factors of t.
2, 3
Let c be (7 - 4)/(6/4). Suppose f - 1 = 4*j + 10, j = -3. Let n = c - f. List the prime factors of n.
3
Let i = 1 - -8. Suppose 11 + i = 5*p - 2*h, 5*h + 31 = 3*p. What are the prime factors of p?
2
Suppose -2*z + 4*v - 2*v + 10 = 0, -5*z + v = -9. Let q(n) = z - 3 - 2*n - 2*n. What are the prime factors of q(-3)?
2, 5
Let y(i) = -5*i - 10. Let z be y(-8). Let p = 44 - z. What are the prime factors of p?
2, 7
Let i = 8 + -8. List the prime factors of 1 - i - -2 - -29.
2
Let n = -50 - -108. What are the prime factors of n?
2, 29
Suppose -3*s + 3*g = 2*s + 188, 4*g - 189 = 5*s. Let t be (0 + 2)/(6/(-69)). Let r = t - s. List the prime factors of r.
2, 7
Let c(l) = l**2 + 7*l + 4. List the prime factors of c(-17).
2, 3, 29
Let n(z) = 3*z**2 - 13*z + 9. List the prime factors of n(4).
5
Suppose 233 = 5*x - 112. What are the prime factors of x?
3, 23
Suppose 2*k - 3 = 3. Suppose -l - k = 2*l. What are the prime factors of -2 + (0 - l) + 7?
2, 3
Let a(m) = -m + 11. Let n be a(6). Suppose -s + 2*q + 13 = 0, -61 + 20 = -n*s + 4*q. Let f(g) = -g + 7. List the prime factors of f(s).
2
Let y = -2 + 12. What are the prime factors of y?
2, 5
Let t(k) = -89*k - 5. What are the prime factors of t(-1)?
2, 3, 7
Let r(k) = 4*k**2 - 6*k - 3. What are the prime factors of r(5)?
67
Suppose -4*r + 144 = k - 0*k, -k + 144 = -4*r. What are the prime factors of k?
2, 3
Let x = 8 + -6. Let a be x/1 + (-4)/2. Suppose 14 = -a*f + f. What are the prime factors of f?
2, 7
Let s(q) = 5 - 3*q - q**2 - 2*q - 1. Let j(i) = 5*i**2 + 20*i - 17. Let c(r) = -2*j(r) - 9*s(r). List the prime factors of c(4).
2
Suppose j + 0*u + 5*u = -17, 5*j - u = 45. Let w = 14 - j. What are the prime factors of w?
2, 3
Suppose 0 = -0*s - 5*s + 150. Suppose 4*z - 3*a = 32 + s, -5*z + 5*a + 80 = 0. List the prime factors of z.
2, 7
Suppose -4*n = 2*o - 6, -4*n - 3*o = -8*o - 41. Suppose -77 = -n*i + 99. Suppose -6*y + i = -2*y. What are the prime factors of y?
11
Let b be 24/(-60) - 14/(-10). What are the prime factors of 191/5 + b/(-5)?
2, 19
Let v(q) = -q**3 - 6*q**2 + q + 8. Let l be v(-6). Let s be ((-1 - -1)/2)/2. Suppose s = 4*y - l*y - 14. List the prime factors of y.
7
Suppose -1250 = -5*s - h + 6*h, h = -s + 250. List the prime factors of s.
2, 5
Let o = 38 + -21. What are the prime factors of o?
17
Suppose c + 2 = -3. Let s(h) = h**3 + 4*h**2 - 5*h + 5. Let f be s(c). Suppose 2*t - v - 13 = -2*v, -4*t + f*v = -19. What are the prime factors of t?
2, 3
Suppose 52 - 12 = 4*m. Let n = m + -3. What are the prime factors of n?
7
Let j = 86 + -54. List the prime factors of j.
2
Suppose -5*p + d + 2*d = -127, 4*p - 112 = 5*d. List the prime factors of p.
23
Suppose i + 4 = -3*i. List the prime factors of (3 + -20)*i - -1.
2, 3
Let l(f) = -f + 42. List the prime factors of l(6).
2, 3
List the prime factors of (1 - 3)*(-27)/3.
2, 3
Let i(d) = 18*d**2 + 3*d + 3. What are the prime factors of i(-1)?
2, 3
Let x = 32 + 10. What are the prime factors of x?
2, 3, 7
Suppose -n + 80 + 68 = 0. List the prime factors of n.
2, 37
Let o be -9 - -2 - 1/1. Let h = o - -18. List the prime factors of h.
2, 5
Let b = 114 + -23. What are the prime factors of b?
7, 13
Let m(y) = -2*y**2 - 8*y - 1. Let u(c) = 3*c**2 + 9*c + 1. Let x(s) = -4*m(s) - 3*u(s). Let q be x(5). What are the prime factors of q + 3/(-3) + 4?
2
Suppose 4*b - 42 = 2*b. Suppose b = 2*z - 19. List the prime factors of z.
2, 5
Let s = -4 - -8. Suppose 8*v - s = 7*v. What are the prime factors of v?
2
What are the prime factors of (0 - -1)/(2/6)?
3
Suppose -5*h - 411 = -4*o, 560 = o + 4*o + 3*h. List the prime factors of o.
109
Let o(c) = -c**3 + 7*c**2 - 6*c - 4. Let p be o(6). Let i = p - -17. What are the prime factors of i?
13
Let f(s) = -s**2 + 28. What are the prime factors of f(0)?
2, 7
Let r = 78 + -29. What are the prime factors of r?
7
Let d(l) be the first derivative of 5*l**2/2 - 7*l - 10. Suppose 2*g + 2*g = 20. What are the prime factors of d(g)?
2, 3
Suppose 3*o = -33 + 813. List the prime factors of o.
2, 5, 13
Suppose 0 = -4*j - 3*w + 386, -4*j - 483 = -9*j - 4*w. What are the prime factors of j?
5, 19
Suppose 0 = 2*q + 3*q + 320. Let f = -31 - q. What are the prime factors of f?
3, 11
List the prime factors of ((-24)/(-108))/((-1)/(-9)).
2
Suppose -7 - 5 = -3*n. Suppose -